v, -4*g + a*v = -9. Give z(g).
3
Let m(h) = h**2 - 7*h - 3. Suppose r = -2*r + 2*i - 11, r - 7 = -2*i. Let t(l) = -5*l**3 + 1. Let d be t(r). What is m(d)?
-9
Let z be (8/(-10))/(2 - (-48)/(-20)). Let w(q) = -2*q**2 + 2. Give w(z).
-6
Let n be 6 - 2/((-4)/(-2)). Suppose -2*s + n*s = 12. Let b(d) = -d**2 + 4*d - 2. Calculate b(s).
-2
Let p(u) be the third derivative of -u**6/120 - u**5/30 - u**3/6 + 2*u**2. Let n be (12/(-8))/(6/(-20)). Let d be (-3)/(-15)*-2*n. Determine p(d).
-1
Suppose -v = -2*v. Let d(h) = 0 - 3*h - 8 + v + 4*h. Give d(7).
-1
Let m(k) = -k**3 + 5*k**2 - k + 2. Let a = -1 + 5. What is m(a)?
14
Let l(v) = -15*v + 10. Let o(a) = -10*a + 7. Let z(w) = -5*l(w) + 7*o(w). Give z(-2).
-11
Let h(g) be the first derivative of g**4/2 - g**3/3 + g**2/2 + 2*g + 2. Determine h(-2).
-20
Let j(b) = 3*b - 5. Let k(z) = -3*z + 4. Let h(l) = 2*j(l) + 3*k(l). Determine h(5).
-13
Let s(y) = -4*y**3 + 2*y**2 + 2*y + 1. Let q be s(-1). Let z(h) = 2*h - 7. Calculate z(q).
3
Let d(b) = -b**3 - 10*b - b**2 + 2*b + b + 8*b. Calculate d(-3).
15
Let r be (-2)/(-6) - (-40)/(-30). Let p(l) = 6*l**2 - l - 1. Determine p(r).
6
Suppose -2*i + 1 = -11. Let w(d) = -d. Calculate w(i).
-6
Let t(c) be the first derivative of c**4/4 + c**3/3 + c**2/2 - c + 1. Let l = 6 + -15. Let h = -8 - l. What is t(h)?
2
Let o be -2*3/3 - -5. Suppose -5*q - 37 = -7. Let g(b) = -7*b**2 + 5*b + 7. Let x(r) = 15*r**2 - 10*r - 15. Let l(z) = q*x(z) - 13*g(z). Give l(o).
-7
Suppose -7*t + 5*t = 0. Suppose t = -n + 1 - 0. Let k(i) = 8*i. Give k(n).
8
Let z(q) = -2*q. Let p be (-7 - (-2 + -2))*4/(-3). What is z(p)?
-8
Suppose -3*k - 14 = -17. Let u(l) = 3*l**3 - l**2 + 2*l - 1. Calculate u(k).
3
Let f be 11/4 + 3/12. Let v(a) be the first derivative of -a**6/360 + a**5/60 + a**4/6 + a**3/3 - 1. Let j(n) be the third derivative of v(n). Calculate j(f).
1
Suppose 10 = -5*p - 2*n, -20 = 6*p - p + 4*n. Let k(o) = o**2 + p*o**2 + 1 + 2. What is k(0)?
3
Let z(q) be the third derivative of q**5/60 - q**4/4 + q**3/3 - 5*q**2. Let y(b) = 0*b + 0*b**2 - 1 + 2*b**2 - b + 0. Let d be y(2). Give z(d).
-3
Let c(j) = 3*j**3 - 3*j**2 + j - 2. Let f be c(2). Suppose r + 19 = 6*r - 4*h, 3*h + 3 = 0. Suppose f = -r*n - n. Let m(y) = y**2 + y - 3. Calculate m(n).
3
Let w(l) = 5*l**3 - 2*l**2 - 5. Let g(j) = -9*j**3 + 3*j**2 + 9. Let z(c) = -6*g(c) - 11*w(c). Determine z(4).
1
Let k(l) = l**3 + 7*l**2 - l - 11. Let h be k(-7). Let a(g) = -2*g - 3. Calculate a(h).
5
Let k(m) = m**2 - 4 + 4 + 2 - 3 - 2*m. Let b(y) be the second derivative of y**4/6 - y**3/3 - y**2 - y. Let d be b(2). Determine k(d).
-1
Let y(d) = 4*d**2 + d. Let n be y(-1). Suppose -x + 0 - n = 0. Let g(u) = u**3 + 4*u**2 + 2*u - 2. Give g(x).
1
Let r(f) be the first derivative of f**7/840 + f**6/120 - f**5/24 - f**4/12 + 8*f**3/3 + 5. Let o(m) be the third derivative of r(m). What is o(-4)?
2
Let j = -17 - -24. Let b(d) = d**3 - 7*d**2 + 2*d - 7. Give b(j).
7
Let j(v) be the first derivative of v**3/3 - v + 34. Determine j(1).
0
Let b(z) = z - 1. Let r be b(0). Let j = 4 + r. Let k(l) be the third derivative of -l**5/60 + 5*l**4/24 - l**3/3 + 17*l**2. Determine k(j).
4
Let c(p) be the first derivative of p**7/280 - p**6/360 - p**5/120 - 4*p**3/3 + 6. Let b(d) be the third derivative of c(d). What is b(-1)?
-3
Suppose 4*u - 8*u + 32 = -3*a, -2*u = -a - 14. Let y(p) = -p**3 + 4*p**2 + 6*p - 4. Give y(u).
1
Suppose -30 = -3*o + 8*o. Let n(u) = u**2 + 5*u - 1. What is n(o)?
5
Let i(t) = t + 16. Suppose -6 = 4*g + 38. Let w be i(g). Let k(q) = -2*q + 5. Determine k(w).
-5
Let o(a) = a - 2. Let h(q) be the first derivative of q**3/3 - 5*q**2/2 - 1. Let g be h(6). What is o(g)?
4
Let j(z) = -13*z - 28. Let h(f) = 4*f + 9. Let g(n) = -7*h(n) - 2*j(n). Calculate g(-6).
5
Suppose 0 = -194*c + 199*c. Let u(o) = -14*o**2 - 12. Let l(b) = -5*b**2 - 4. Let q(f) = 11*l(f) - 4*u(f). What is q(c)?
4
Let a be (-5)/(2 + -7) + -1. Let q(y) be the second derivative of -1/12*y**4 + 0*y**2 + a + y - 7/6*y**3. Calculate q(-5).
10
Let k(g) = -10*g - 1. Let f(h) = -3*h. Let i = -38 - -17. Let o(u) = i*f(u) + 6*k(u). Give o(4).
6
Suppose c - 2*c - 2*s = -9, 2*c - 3*s + 10 = 0. Let a(f) = -4*f - 2*f**2 + 4*f**2 + c + 0 - f**2. Calculate a(3).
-2
Let m(u) = -u - 4. Let i be m(-9). Suppose -i*r = 6*f - f - 5, 4 = -f. Let b(g) be the second derivative of -g**4/12 + g**3 - 3*g**2/2 + g. Determine b(r).
2
Let w(n) = -7*n**3 + 2*n + 1. Suppose -3*c - 9 = 0, -z + 0*z = c + 1. Let i be 4/2 + -1 + z. Suppose 0 = -i*q + q - 2. Determine w(q).
6
Let t(b) = 50 + 7*b - 2*b - b - 51. What is t(4)?
15
Suppose 5*f + 13 = -4*i, -3*f - 2*i - 13 = 3*i. Let j(z) be the second derivative of 0 + 1/6*z**3 + 5*z + 0*z**2 - 5/12*z**4. Calculate j(f).
-6
Suppose 0 = 4*j + 4*q + 8, -5*q = -j - 3*j + 28. Let z(u) = u**3 - u**2 + u. Determine z(j).
6
Let x = 14 + -10. Suppose -2*j + x = 10. Let b(v) = 0 + 2*v + 2*v - 5*v - 5. What is b(j)?
-2
Let o(j) = -j - 1. Let g = 8 - 6. Let t be (0/(-5))/(1*g). Let k be (1 - t/3)/(-1). Give o(k).
0
Suppose -2*q - 16 = 2*q. Let s be (-1 - q)*(1 - -2). Let l(j) = j**2 + s*j - 4 - 9*j. Determine l(0).
-4
Let y(w) = 9 - 16*w - 2 + w**2 + 21*w - 13*w. What is y(6)?
-5
Let x(d) = -51 + 18 + 15 + d**3 + d - 4*d**2 + 13. Determine x(4).
-1
Let u(q) = q. Let f(l) = 2*l - 6. Let j(g) = -f(g) + u(g). Give j(10).
-4
Let c = -25 - -27. Let g(z) = 7*z - 2. Determine g(c).
12
Let k(l) = l**3 + l + 16. Suppose 0 = -7*p + 18*p. Give k(p).
16
Suppose 2*m + 4 = -2*o + 6*m, 2*m + 4 = 4*o. Let v(x) be the first derivative of -4 - 2*x - 1/3*x**3 + x**2. What is v(o)?
-2
Let c = 24 - 20. Let p(l) = 0 + 0*l + 3*l - 5. Determine p(c).
7
Let f(q) = -q**3 - 4*q**2 + 6*q + 2. Let r(g) = g**3 + 15*g**2 + 15*g + 9. Let v be r(-14). Calculate f(v).
-3
Let m(c) be the third derivative of c**6/120 + c**5/10 + c**4/6 - 2*c**3/3 - 40*c**2. Give m(-5).
1
Suppose -3*a + 3*r + 9 = -24, 2*a + 4*r + 8 = 0. Let s(j) = j**2 - 8*j - 1. Give s(a).
-13
Let d(x) = -11*x - 2 + 18*x - 2. Let f(w) = -8*w + 3. Let t(m) = -2*d(m) - 3*f(m). Give t(1).
9
Let x(t) = 3*t**2 + 4*t + 4. Let m(l) = -1. Let i(z) = 2*m(z) + x(z). Calculate i(-2).
6
Let h(q) = q**2 - 1 + 6*q + 3 - 5 - 2. Let c = 4 + -10. Give h(c).
-5
Let b(g) = g + 24. Let m be b(-18). Let h(r) = -r**3 + 5*r**2 + 6*r - 8. Give h(m).
-8
Let l(q) be the second derivative of -q**6/720 - q**5/120 - 7*q**4/12 + 3*q. Let j(t) be the third derivative of l(t). Give j(-6).
5
Let l(y) = 10*y**3 - 3*y**2 - 11*y**3 - 1 - y + 2*y**2. Give l(0).
-1
Let m(i) = i**3 + i**2 + 2*i + 1. Suppose -1 = 6*s - 5*s. Determine m(s).
-1
Let b(m) = -m - 7. Let w = 9 + -40. Let a = -1 - w. Suppose -2*d = -7*d - a. Give b(d).
-1
Let c(x) = -x**3 - x**2 - x + 1. Let g = -15 + 14. Let q(t) = -2*t**3 - 8*t**2 - t + 5. Let p(j) = g*q(j) + 3*c(j). Determine p(4).
6
Let i(b) = -20*b + 7*b - 2 + 12*b. Give i(6).
-8
Let u = 7 - 11. Let t(h) = -2*h**3 - 3*h**2 - 10*h - 5. Let a(q) = q**3 + 2*q**2 + 5*q + 3. Let k(w) = -7*a(w) - 3*t(w). What is k(u)?
-2
Let i(g) be the third derivative of g**5/60 + 3*g**4/8 - g**3/6 + 28*g**2. What is i(-7)?
-15
Let a(j) = j - 6. Suppose 3*s = -2*s + 40. Let r be a(s). Let n(f) be the third derivative of f**4/24 - f**3/6 + f**2. Give n(r).
1
Let s(u) = u + 7*u**2 - u**3 + 0*u - 5*u**2. What is s(-1)?
2
Let f(z) = z - 9. Let u = 100 + -96. Give f(u).
-5
Let v(f) = 9*f + 36*f**2 - 17*f**2 - 20*f**2 - 8. Let y = 0 + 6. Determine v(y).
10
Let h(m) = m**3 - 6*m**2 + m - 6. Suppose 8 + 9 = 2*c + 5*q, -2*c - 3*q + 15 = 0. Determine h(c).
0
Suppose 2*b + 1 + 5 = -f, 0 = -3*b - 5*f - 2. Let d(p) = -p**2 - 7*p - 6. Give d(b).
6
Let t(f) = f**3 - 4*f**2 + f - 2. Let q(a) = a**2 - 9*a + 3. Let b be q(9). Give t(b).
-8
Let f(p) = -p**3 - 10. Let j = 13 + -13. Determine f(j).
-10
Let i be (-3)/(-12) - (-5)/(-4). Let a(y) be the third derivative of 0*y**3 - y**2 + 1/60*y**5 + 0 + 1/24*y**4 + 0*y. Calculate a(i).
0
Let r(n) = -n**2 + 5*n - 1. Let d = -11 + 7. Let t = 10 + -19. Let y = d - t. Determine r(y).
-1
Let c(z) = -19*z**2 + 13*z - 4. Suppose -4*a = -0*a - 28. Let h(q) = 13*q**2 - 9*q + 3. Let k(f) = a*h(f) + 5*c(f). Calculate k(-1).
-5
Let v(x) = -x**2 - x + 2. Let t be v(-2). Let o(b) = b**2 - b - 2. Give o(t).
-2
Let l(d) = -d - 20 + 13 + 16. Determine l